Let z(x) = 5*g(x) - l(x). Determine z(-4).
-1
Let c(i) be the second derivative of i**5/20 - i**4/3 - i**3/6 + 2*i**2 - 4*i. Let d = 21 + -21. Suppose -2*o - 6 = d, 3*b - 3*o = -o + 18. Determine c(b).
0
Let q(u) = -2*u - 10. Let k(o) = o + 12. Let n(m) = 2*k(m) + 2*q(m). Suppose -2 = 5*p - 32. Let x be p/(1/((-2)/(-4))). Give n(x).
-2
Let d(j) = -j**2 - 14*j + 9. Let y be ((-12)/(-2))/((-56)/140). Let k be d(y). Let b(o) = 2*o**2 + 8*o - 5. Determine b(k).
19
Let h(d) be the second derivative of d**5/20 + 7*d**4/12 + d**3/3 - 5*d**2 - 10*d. Let k be h(-6). Suppose -3*s - k = -2. Let u(c) = 2*c + 3. Give u(s).
-5
Suppose 805*z + 14 = 803*z. Let t(m) = -m**2 - 2*m + 17. What is t(z)?
-18
Let u(t) be the second derivative of -t**4/12 - 7*t**3/6 + 5*t**2/2 - 486*t + 5. Let n(y) = y - 4. Let h = -4 - 0. Let w be n(h). Determine u(w).
-3
Let y(v) be the third derivative of 0*v + 0 + 0*v**3 + 1/12*v**4 - 33*v**2. Calculate y(-1).
-2
Let n be (-48)/(-60) - 54/5. Let b(f) = f + 40. Give b(n).
30
Suppose 0 = -1393*t + 1402*t + 54. Let h(s) be the second derivative of s**3/6 - 7*s**2/2 - 18*s. Give h(t).
-13
Let k be (-9)/21*38 + (-8)/(-28). Let v(r) = -r**3 - 17*r**2 - 18*r - 35. Give v(k).
-3
Suppose 5*q - 16 - 8 = -3*s, 5*s + 4*q = 27. Let c(u) = 9*u - 25*u + u**s + 15*u - 4 - 6. Calculate c(0).
-10
Let y(u) be the second derivative of -1/12*u**4 - 13/6*u**3 + u + 4*u**2 - 13. Determine y(-14).
-6
Let l(a) = -a + 6. Let q(h) = -h**2 - 7*h. Let b(m) = 3*m**2 + 3*m - 3. Let z be b(1). Let d(k) = k**2 - 9*k + 12. Let g be d(z). Let i be q(g). Determine l(i).
0
Suppose 35 = -4*l - 4*y + 67, -8 = 4*y. Let w(k) = k**3 - 8*k**2 - 19*k + 32. Give w(l).
42
Let f(r) = -3*r + 8. Let c be 27/3*((-8)/(-3))/4. Let l(u) be the first derivative of 3*u**2 - 14*u - 133. Let v(a) = c*l(a) + 11*f(a). Give v(-3).
-5
Let z(k) = -1874 + 2*k - 5*k**2 + 948 + 33*k**3 + 920 - 34*k**3. Let v be -2*(30/(-4))/(-3). What is z(v)?
-16
Let j(a) = 3*a - 9. Let n be j(3). Suppose t - r - r - 4 = n, 1 = t - r. Let v be -4*2/(-8) + t. Let g(q) = -9*q. Determine g(v).
9
Let g(s) = 8*s**2 - 17*s - 75. Let a(o) = 11*o**2 - 20*o - 112. Let w(z) = 5*a(z) - 7*g(z). Determine w(8).
53
Let c be 6/(-10) - 390/(-150). Suppose 0 = -21*p + 26*p - 10, -1 = 3*u - c*p. Let g(f) = -5*f**2 - 3*f + 2. Calculate g(u).
-6
Let g = 129145/12 - 10762. Let o(v) be the third derivative of 9*v**2 + 0*v + 0 + g*v**4 - 1/2*v**3 - 1/120*v**6 + 1/15*v**5. What is o(4)?
5
Suppose -20 = 48*v - 50*v. Let u(n) = -5*n**2 + 6*n**2 + 12 - 2*n + v*n. Calculate u(-6).
0
Let w(r) = 3*r**2 - 10*r - 47. Let x be w(-3). Let u(z) = -z**3 + 10*z**2 + 6*z - 5. What is u(x)?
55
Let i be (((-12)/15)/2)/((-5)/25). Let u(w) = w**2 + i - 11 + 142*w - 146*w + 5. Determine u(3).
-7
Let x(u) = -2*u**3 - 2*u**2 + u + 2. Let j(a) = 14*a - 209. Let r(g) = -12*g + 212. Let y(c) = -6*j(c) - 5*r(c). Let p be y(8). Give x(p).
-20
Suppose -49*k = -54*k - 60. Let j(r) = r**3 + 12*r**2 - r - 1. Give j(k).
11
Let v be (-3212)/28 - 14/49. Let y = -112 - v. Let m(u) = -u - 4*u - 2 + 3*u + 0*u. Determine m(y).
-8
Let l(i) = 27*i + 25. Let x(z) = 9*z + 9. Let k(g) = g**2 - 3*g - 51. Let v be k(-5). Let p(q) = v*x(q) + 4*l(q). Determine p(1).
10
Let q(f) be the first derivative of 0*f**2 + 113 + 2/3*f**3 - f + 2*f**4. Give q(-1).
-7
Let r(p) = -p**3 + 6*p**2 - 18*p + 16. Let x = -26137 - -26142. What is r(x)?
-49
Let a(r) be the second derivative of r**3/6 - 3*r**2/2 - 8*r. Suppose -14*d - 114 = 5*d. Calculate a(d).
-9
Let m(i) = -i**2 - i + 1. Let c(n) = -n**3 + 8*n + 3. Let a(z) = -c(z) - 6*m(z). Suppose 0*r - 3*r + 6 = 0. Suppose -r*k + 5*k = -18. Determine a(k).
3
Let f(t) = -t**2 - 6*t - 3. Suppose -22 = -26*x + 29*x - 4*m, -5*x - 5*m = 25. Calculate f(x).
-3
Let h(b) be the first derivative of -b**3/3 + 8*b**2 + 39*b + 2606. Give h(18).
3
Suppose -978 = -47*k - 179. Let b(j) = -22*j + 4. Let h(p) = -62*p + 13. Let x(o) = k*b(o) - 6*h(o). Calculate x(-7).
4
Let t(j) = -7*j. Let s(d) = d. Let h(x) = 6*s(x) + t(x). Let a(p) = 15*p - 2. Let n be a(0). Let i(m) = 2*m**3 + 4*m**2 + m - 4. Let b be i(n). What is h(b)?
6
Let k(g) be the first derivative of -17*g**4/4 + g**3/3 - g**2 + g + 13. Suppose -121*n + 124*n - 12 = 3*p, -2*n + p = -5. Calculate k(n).
-17
Let f be 47/((6/(-4))/(3/(-2))). Let s = 56 - f. Let j(m) = 2 + m + 5 + 0*m - s. Determine j(2).
0
Let d(n) be the first derivative of -31*n**2/2 + 22*n + 33. Let w be d(1). Let g(y) = y**2 + 10*y. Determine g(w).
-9
Let h = 11976 - 11982. Let d(b) = -27*b - 7. Give d(h).
155
Suppose 0 = 15*m - 13*m - 24. Let z(i) = 8*i**2 - 95*i - 2*i**3 + i**2 + 96*i + i**3 - m. Suppose -24 = -b + 6*p - p, -2*p = b - 3. Give z(b).
-3
Let c(x) = -30*x + 298. Suppose -5*w - t = -54, 38*w + 2*t = 41*w - 22. What is c(w)?
-2
Let u(o) = -4*o + 42. Let p = 1580 - 1568. What is u(p)?
-6
Let k be 56/(-7) - -2*5. Let v(f) = 11*f**2 - 10*f + 2. Give v(k).
26
Let y(o) = -2018 - 9*o + 4025 - 4*o - 2014 + 4*o. Let r = -9 - -4. Calculate y(r).
38
Suppose -4*n - 44 + 16 = 0. Let p(c) = -4*c**2 + 12*c + 9. Let w(t) = -t**2 + t + 1. Let y(r) = p(r) - 5*w(r). Determine y(n).
4
Let t(k) = -k**3 + 3*k**2 - 2*k - 1. Let q be t(-1). Suppose -3*u - 3*a - 2*a = -30, 4*u = q*a + 5. Let f(o) = o**3 - 5*o**2 + 5*o - 4. Calculate f(u).
21
Let c(g) be the third derivative of 16 + 0*g - 1/12*g**4 + g**3 - g**2. Give c(4).
-2
Let r(m) = -8 + 4*m**3 - 39288*m**2 + 39295*m**2 + 2*m - 5*m**3 + 3*m. Calculate r(8).
-32
Let i(k) = -11*k**2 - 50*k + 74. Let b(g) = 7*g**2 + 31*g - 46. Let t(a) = -19*b(a) - 12*i(a). Calculate t(6).
16
Suppose -3*p + 6 = -3. Suppose 225*x - 293*x = -68. Suppose -5*n - 7 = 2*q, q + 5*n - x = -p*q. Let k(c) = -c + 9. Determine k(q).
5
Let n(o) = -o**2 + 9*o - 26. Let v(i) = -6*i**2 + 98*i - 25. Let d be v(16). Determine n(d).
-12
Suppose 4*g + 180 = 3*m + 3*g, 0 = 3*g + 9. Let i(f) = m*f**2 - 1 + 10*f**2 + 7 - 68*f**2 - 7*f. Suppose -7*p + 2*p + 4*y = -42, 30 = 4*p - 2*y. Give i(p).
0
Let t(d) = 1 + 2*d + 0*d - d. Let q be ((-72)/81 - 875/(-63)) + -5. Give t(q).
9
Let w(f) be the second derivative of -3*f**2 - 73*f + 4/3*f**3 + 0 - 1/12*f**4. Let p be (-69 + 74)*(2/10 + 1). Give w(p).
6
Let p(r) = r**2 + 91*r - 1229. Let l be p(12). Let g(w) = -44*w + 315. Give g(l).
7
Let w = 1 - -1. Let j(g) = -253 - g**3 + 4*g + 4*g + 250 + 5*g**w. What is j(6)?
9
Let x(g) = 75 + 43 + 12 - 9*g + 84 - 32*g. What is x(5)?
9
Let g(h) = 4*h**2 - 2. Suppose -65*k = -67*k + 4. Let y be g(k). Suppose 54 = -y*b + 5*b. Let r(o) = o**3 + 6*o**2 + o + 1. Give r(b).
-5
Suppose -2*b - 16 = 2*a + 3*a, -11 = -2*a + 5*b. Let r = a - 1. Let v(t) = -21 + 43 - 71*t**2 - 20 + 72*t**2 + t. Calculate v(r).
8
Suppose -54*l = -14*l + 360. Let c(u) = u**3 + 8*u**2 - 8*u + 14. Let z be c(l). Let r(y) = -2*y - 7. Calculate r(z).
-17
Let f(y) = 7*y**2 + 2*y - 1. Let m be 6/(-5)*4/(-8)*10. Let d be (4 - 2)*(4 - m). Let j be 2/(-4)*8/d. What is f(j)?
8
Let g(j) = -j**3 + 11*j**2 + j - 108. Let m be g(10). Let a be ((-12)/15)/((-2)/5). Suppose -m = a*f + 2. Let u(h) = h**3 - h**2 - 3*h - 3. Determine u(f).
-9
Let l(f) = f**2 - 11*f - 13. Let i be l(12). Let k be 1/2*(-15 - i). Let c(x) = 845*x**3 - 7 + 2 - 6*x**2 - 846*x**3 + 6*x. Determine c(k).
2
Suppose -h - 19 = -4*f + 14, f - 4*h + 3 = 0. Let i(l) = -6 + 370*l**2 - 371*l**2 - f*l - 3. Calculate i(-8).
-1
Let m(k) = k**3 + 14*k**2 + 32*k + 10. Let o be m(-11). Suppose 6*x - 3*x + 3*z = -o, 4*z + 12 = 4*x. Let d(t) = -2*t**3 - t**2 + t + 1. Calculate d(x).
11
Let q = 33 - 48. Let p be (-8)/(-8) - q/(-3). Let b(d) = -d**3 - 2*d**2 + 4*d - 1. What is b(p)?
15
Let g(u) be the first derivative of 2*u**3/3 + 11*u**2/2 - 6*u - 4260. Calculate g(-5).
-11
Let a = -105275/6 - -17546. Let g(d) be the third derivative of a*d**3 + 17*d**2 + 0 + 0*d + 1/20*d**5 + 0*d**4 - 1/120*d**6. What is g(3)?
1
Let z(f) = -f**2 + 12*f + 1. Let x be z(12). Let w be (-4)/(-12) - x*(-66)/(-9). Let o = w + 4. Let c(m) = -4*m - 4. What is c(o)?
8
Let d(a) = -a**3 - 9. Let w = -245 + 145. Let j = -97 - w. Suppose 0 = 2*t + 4*r + 4, 4*r + j + 1 = 4*t. Give d(t).
-9
Let x(n) = n - 6. Let h be 4 + 0 + (-6)/3 + 3. Suppose h*o = -1 + 1. What is x(o)?
-6
Let p(f) = 3*f**2 - 5*f + 2. Suppose 3*o + 342 = 5*i, 0 = -o - 5*i - 42 - 52. Let u = o + 1